of w?
3
Let c(r) = -2*r + 2. Let m be c(-4). Suppose 0*y = -m*y + 120. What is the units digit of (-5 - 58/(-12)) + 1550/y?
9
Suppose -2143 = -9*x - 9271. Let s = x - -1393. What is the units digit of (2 - s/2)*4/(-6)?
9
Suppose 134*m - 1151712 = 44*m + 1189998. What is the thousands digit of m?
6
Suppose b + 20 = -5*l, -4*l + l - 4 = -b. Let w be ((-5)/b + 4)*1. Suppose 5*z = -u + 110, 0*z - w*z + 2*u + 110 = 0. What is the units digit of z?
2
Let w = 21 + -19. Let h(m) = 17*m + 3*m**3 + 81 - 4*m**3 + 11*m**2 - 76 + 2*m**w. What is the units digit of h(14)?
7
Let t(z) = z**2 + z - 1. Let u be t(2). Let y(o) = -17*o + 8 + u*o - 6*o - 11*o. What is the hundreds digit of y(-4)?
1
Suppose 76*q = 5*z + 81*q - 150245, 0 = -5*z - q + 150237. What is the thousands digit of z?
0
Let f = 15 + -18. Let z be (0 + f/(3 - 6))*0. Let w = z - -142. What is the hundreds digit of w?
1
Let w be (4 + 9928/(-8))/1. Let y = w - -2270. What is the thousands digit of y?
1
Suppose -3*v = -4635 - 5700. Suppose -8*s + 15333 = v. What is the tens digit of s?
8
Let o(y) = 1506*y - 53. What is the units digit of o(1)?
3
Let j be 12/10*(-15)/(-6). Suppose -3*m = 5*p - 14, p + 50 - 63 = -4*m. What is the units digit of -318*(-4 - p/(j/(-10)))?
2
Let i = 110 - 90. Suppose q - i = -3*q. Suppose q*t + 267 = 4*r - 319, -5*t - 10 = 0. What is the hundreds digit of r?
1
Let x(i) = -110*i**3 + 3*i**2 - 98*i - 39. What is the hundreds digit of x(-7)?
5
Let j(a) = -5*a - 19. Let i be j(-12). Let r = i + -39. Suppose 124 = z + r*z + 2*x, 5*x = z - 13. What is the tens digit of z?
3
Suppose 3*h + 4*w - 56502 = 0, -3*h + 25315 = 2*w - 31193. What is the ten thousands digit of h?
1
Let s be (-2 - 2) + 8 + (1 - -1). Suppose s*k = 20*k - 13622. What is the hundreds digit of k?
9
Suppose 41176 = 4*k - 4*z, -4*z = -25 + 1. What is the tens digit of k?
0
Let f = -3397 - -6688. What is the hundreds digit of f?
2
Let o(a) = 61*a**2 + 2*a + 2. Let z be o(-2). Suppose 0 = 4*l + 2*g - 2, 3*l = 3*g - 12 + 18. Suppose -l = f - z. What is the hundreds digit of f?
2
Suppose o = 5*o + 56. Let w(t) = -3*t**2 + 11*t + 71. Let f(u) = 8*u**2 - 34*u - 199. Let n(p) = -4*f(p) - 11*w(p). What is the units digit of n(o)?
1
Let w(z) = -2882*z - 619. What is the units digit of w(-4)?
9
Let j(t) = 2*t - 30. Let v be j(16). Let x be ((-32)/(-12) + -4)/(v/6). What is the tens digit of 162/(x*5/(-30))?
4
Suppose 0 = 11*t - 9216 + 3210. What is the tens digit of t?
4
Let k(x) = -352*x**3 - 4*x**2 - 86*x - 241. What is the units digit of k(-3)?
5
Suppose -51 = l + 145. Let p = l - -513. What is the tens digit of p?
1
Suppose 147 = -0*b - 5*b + m, 5*b - 3*m = -141. Let l = b + 70. What is the tens digit of l?
4
Suppose -37*y = -30*y - 36470. Suppose -h = -2*r - 196 - 1101, -3*r + y = 4*h. What is the thousands digit of h?
1
Suppose 20*p - 19*p = 3. Let c(s) = s - 10. Let r be c(p). What is the hundreds digit of (r/3)/(2/(-126)) + -3?
1
What is the units digit of 1/((-2)/1) - (2 + (-252180)/24)?
5
Let v be 3/(-12) - (-135)/(-36). Let n(u) = -u**3 + 8*u - 4. What is the tens digit of n(v)?
2
Let p = -24 + 28. Suppose 2*k - 40 = -5*n - 3*k, -p*n + 40 = 2*k. Suppose -z - z = -n. What is the units digit of z?
6
Let n(j) = -j - 1. Let s be n(-3). Suppose 0*m + 2488 = 3*m - w, 2*w - 1664 = -s*m. Suppose 0 = -4*a - a + m. What is the hundreds digit of a?
1
Let v = 1033 + -1018. Suppose -1309 = -v*m + 2486. What is the units digit of m?
3
Let z be 28/7 + -2*1. Suppose -z*c = 2*c - 52. Suppose -2*a + c*a - 2959 = 0. What is the tens digit of a?
6
Suppose 5*h - 168 = h. Let w be 3/((h/4)/7). Suppose 0 = -3*a - w*a + 170. What is the tens digit of a?
3
Suppose -1405976 = -131*t + 2200978. What is the units digit of t?
4
What is the hundreds digit of ((-7482)/(-232))/(6/1136)?
1
Suppose -2*o + 12 = 4. Suppose 0*i = o*i - 244. Suppose -60*m - 222 = -i*m. What is the units digit of m?
2
Suppose -1079*w = -1088*w - 252. What is the units digit of 15725/35 + (16/w)/2?
9
Let i(j) = 8*j**2 + 7*j + 238. What is the tens digit of i(-21)?
1
Let v = 1025 + -1035. What is the hundreds digit of (-6 - -334) + (v + 2)/(-4)?
3
Suppose -3*h + 2*h = 519. Let m = -220 - h. What is the units digit of m?
9
Suppose -443 - 343 = -2*w. Let y = 800 - w. What is the tens digit of y?
0
Suppose 6*n - 9*n = 69. Let r = n - -26. Suppose -3*g = -5*q - 2*g + 798, -r*q + 472 = -4*g. What is the hundreds digit of q?
1
Let f = -474 + 477. Suppose -f*l + 630 = -144. What is the units digit of l?
8
Let u be (2/(-4) + 1)/((-3)/(-18)). Suppose -q + 2 = u*c - 16, 0 = 5*q - c - 10. Suppose -12 = -3*r, d - q*r = -d + 108. What is the tens digit of d?
6
Let f(l) = -61 + 0*l**2 - 1 - l**3 - 19*l + 6*l - 18*l**2. What is the tens digit of f(-18)?
7
Suppose -157*o + 155*o = 44. Let z(d) = -d**3 - 22*d**2 - 17*d - 28. What is the tens digit of z(o)?
4
Suppose -i = -330 - 1364. Suppose i = -3*a + 17*a. What is the units digit of a?
1
What is the units digit of 21223/9 + (-480)/432?
7
Suppose 0 = 3*g - 4*t - 3922, 10*g + 5*t + 1289 = 11*g. What is the units digit of g?
4
What is the tens digit of 4244 + 4/((-64)/80)?
3
Let l = 29 - 30. Let n be l/((-5)/630*3). Let z = n + -18. What is the units digit of z?
4
Suppose -36 = 8*g - 2*g. Let k be (-3)/(-9) - (-2)/g. Suppose k = -2*y - 22 + 106. What is the tens digit of y?
4
Let g = -596 - -600. Suppose 4*z + 536 = 4*j, 0 = g*j - 99*z + 101*z - 536. What is the units digit of j?
4
Let x(h) = 3*h**2 - 84*h - 1095. What is the ten thousands digit of x(-49)?
1
Let i be (-9)/(-6) + -2 + (-11)/(-2). Suppose -i*o = -4*q + 3847, -2*q - 2*o = -737 - 1173. What is the units digit of q?
8
Suppose -3*x = -x + i - 248, -244 = -2*x - 3*i. Let r = x + -69. Let u = r + -25. What is the units digit of u?
1
Let l(u) = -u**3 - u**2 - 2*u + 7. Let t(v) = -v**2 + v + 2. Let j be t(2). Let k be j/((-2)/4*(1 + 1)). What is the units digit of l(k)?
7
Let y(u) = 1788*u**2 - 1325*u - 6608. What is the thousands digit of y(-5)?
4
Let j be -2 - (4/2)/2. Let u(y) = 57 + 4*y - 28*y + 14*y - 55. What is the units digit of u(j)?
2
Let d(s) = 0*s**2 + 8*s + 8*s**2 + 152 - 4*s - 114 + s**3 + 6*s. What is the units digit of d(8)?
2
Suppose -369*r + 365*r + 5*o + 3104 = 0, 0 = 3*o + 12. What is the tens digit of r?
7
Let x(g) = -2*g + 2*g - 2 - 4*g - g**2 - 3*g. Let v be x(-6). Suppose -4*h + 388 = 5*t - 5*h, 0 = -2*h + v. What is the units digit of t?
8
Let v = 625 - 620. Suppose -4*j + 2672 = v*r, -2122 = -4*r + 28*j - 26*j. What is the tens digit of r?
3
Suppose -2*o + 3*o - 755 = 5*d, 0 = -2*d + 3*o - 315. Let k = 310 + d. What is the tens digit of k?
6
Let k be 643/3 - (-2 - 16/(-12)). Suppose -k = -8*n + 233. What is the tens digit of n?
5
Let v = 44 - -1. Suppose 9*r = -9 + v. Suppose -5*f = -5*t - 180, 0*f + 3*t = r*f - 146. What is the tens digit of f?
3
Let s(m) = 2*m**2 + 4*m + 55. Let n be (-580)/44 + 2/11 + 2. What is the units digit of s(n)?
3
Let t(x) = 1291*x - 2875. What is the hundreds digit of t(7)?
1
Suppose -4*c = 3*g - c + 591, -c - 597 = 3*g. Let z = 114 - g. Let d = z + -180. What is the units digit of d?
4
Let y = -876 - -6351. What is the thousands digit of y?
5
Let w be -10 + 16 + 0 + -4. What is the units digit of ((-1948)/8)/(w + 20/(-8))?
7
Suppose -92*z = -89*z - 29736. What is the units digit of z?
2
Let c = 6892 + -5381. What is the units digit of c?
1
Suppose -5*f - 3*d = -23, d + 2 = 3*d. Let p be 1/f*(-100)/(-5). Suppose -p*r + 189 = 2*m, 0*r - 4*r = -4. What is the tens digit of m?
9
Let p be 12/8*1500/9. Let q(v) = 164*v**3 + 2*v**2 + 3*v + 1. Let x be q(-1). Let g = p + x. What is the tens digit of g?
8
Let n(q) = 7*q**3 + 0 - 2*q**3 - 3*q - 7*q**2 + 7 + 19*q. What is the tens digit of n(5)?
3
Suppose -2*i = -0*i + 2*b + 12, 4*i + 24 = -2*b. Let n(o) = 33*o + 382. Let p(w) = -98*w - 1074. Let q(k) = 17*n(k) + 6*p(k). What is the units digit of q(i)?
2
Let x(f) = f - 1. Let n(v) = -6*v**2 - 3*v - 112. Let o(d) = -n(d) + 3*x(d). What is the units digit of o(-9)?
1
Let p = -77 + 103. Suppose -24*z = -p*z. Suppose b = 2*i - 159, 4*i + 3*b + b - 288 = z. What is the tens digit of i?
7
Suppose 2*o - 32171 + 2493 = 0. What is the ten thousands digit of o?
1
Let c = -22856 - -41137. What is the units digit of c?
1
Suppose 0 = h - u